7
Let n(a) = 6*a**2 - 713*a - 26918. Give n(149).
51
Let h(k) = 2*k**2 - 4442*k - 162504. Determine h(-36).
0
Let b(r) = r**2 + 1657*r - 90627. What is b(53)?
3
Let k(m) = 10104*m - 151756. Determine k(15).
-196
Let f(d) = -3*d**2 + 208*d - 1108. Calculate f(5).
-143
Let a(w) = -w**3 - 2*w**2 + 6224*w - 18630. Determine a(3).
-3
Let u(t) = -t**3 - 101*t**2 + 4442*t + 2687. What is u(-134)?
7
Let z(q) = -q**3 - 686*q**2 - 14601*q - 65. Calculate z(-22).
-219
Let b(c) = -3*c**3 + 220*c**2 - 924*c + 79261. What is b(74)?
-67
Let u(y) = 17927*y - 1541721. Calculate u(86).
1
Let h(l) = -2765*l + 702250. Give h(254).
-60
Let i(g) = -5946*g - 3549754. Determine i(-597).
8
Let x(f) = -f**3 - 30*f**2 - 90*f - 4231. Determine x(-31).
-480
Let h(q) = 399*q - 132700. What is h(329)?
-1429
Let p(u) = 7977*u - 71840. Determine p(9).
-47
Let d(c) = -c**2 + 32*c + 4170. Give d(-64).
-1974
Let s(b) = -b**2 - 5131*b - 61479. Determine s(-12).
-51
Let r(x) = -6667*x - 913376. What is r(-137)?
3
Let m(q) = -34*q**2 - 1258*q - 7604. Determine m(-6).
-1280
Let a(k) = 4831*k + 483097. Calculate a(-100).
-3
Let r(a) = -259*a - 1305. Calculate r(0).
-1305
Let v(c) = -c**3 + 114*c**2 + 169*c + 35968. Determine v(118).
214
Let s(z) = -6*z**2 + 197*z - 1424. What is s(9)?
-137
Let m(w) = 2*w**2 - 681*w + 44482. Give m(251).
-447
Let w(g) = -381*g**2 - 7243*g - 171. Calculate w(-19).
-95
Let d(x) = -3*x**3 + 744*x**2 - 37*x + 9344. What is d(248)?
168
Let c(o) = -o**3 + 196*o**2 - 4561*o - 1098. Give c(169).
-760
Let z(c) = -c**3 - 14*c**2 + 54*c + 673. What is z(-14)?
-83
Let j(n) = -23*n**3 - 439*n**2 + 410*n - 64. Calculate j(-20).
136
Let n(o) = 132*o - 1740. Determine n(14).
108
Let w(i) = 102*i**2 + 6346*i + 44236. Calculate w(-8).
-4
Let y(g) = g**2 - 201*g - 17805. Determine y(-67).
151
Let z(s) = -s**3 - 9*s**2 - 311*s - 1457. Calculate z(-5).
-2
Let s(d) = 20*d**2 - 1169*d - 3108. Determine s(61).
3
Let m(p) = 14992*p + 44985. Determine m(-3).
9
Let k(l) = -5*l**3 + 24*l**2 + 57*l - 129. Calculate k(6).
-3
Let k(r) = 352*r**2 - 65830*r + 1129. Give k(187).
7
Let u(p) = -3*p**3 + 14*p**2 - 460*p + 1338. Calculate u(3).
3
Let r(z) = -2*z**2 - 27966*z - 558518. What is r(-20)?
2
Let y(r) = -3*r**2 - 81*r + 9729. Determine y(45).
9
Let i(n) = -3*n**2 + 202*n - 205. What is i(66)?
59
Let l(q) = -2*q**2 + 194*q - 1045. Determine l(87).
695
Let r(l) = 3*l**2 + 968*l - 684. What is r(-323)?
-361
Let x(o) = 1116*o - 160835. Determine x(144).
-131
Let r(d) = -39403*d + 945868. What is r(24)?
196
Let o(z) = -142663*z + 2140088. Determine o(15).
143
Let w(r) = -r**2 - 5*r - 36. Calculate w(-14).
-162
Let w(z) = 2*z**2 + 1117*z + 124845. Give w(-404).
9
Let m(a) = 4*a**3 + 272*a**2 - 2816*a - 3035. What is m(10)?
5
Let s(a) = 9*a**2 + 49*a - 1276. Calculate s(11).
352
Let p(y) = 2*y**3 - 179*y**2 - 1251*y - 453. Give p(96).
-741
Let r(y) = -y**3 + 588*y**2 + 5198*y - 256290. Calculate r(596).
-10
Let l(o) = 645*o**2 - 5817*o - 22. Determine l(9).
-130
Let x(o) = -5*o**3 + 14*o**2 + 16*o - 21. Give x(5).
-216
Let q(x) = 345*x**2 - 1565*x + 4700. Determine q(3).
3110
Let p(o) = 3*o**3 + 24*o**2 + 435*o + 3152. Give p(-7).
254
Let o(j) = -547066*j + 4923575. Determine o(9).
-19
Let d(f) = 16*f**2 + 148*f - 690. What is d(-22)?
3798
Let j(x) = x**3 - 68*x**2 + 589*x - 100. Give j(58).
422
Let v(n) = n**2 - 5527*n - 111227. What is v(-20)?
-287
Let l(n) = -7*n**2 + 1317*n + 10988. Give l(-8).
4
Let y(b) = -b**2 + 3716*b + 246029. What is y(-65)?
264
Let g(f) = -3*f**2 + 14*f + 924. Determine g(19).
107
Let b(t) = 30*t**2 + 438*t + 32. Determine b(-16).
704
Let r(q) = q**3 + 85*q**2 + 4215*q + 506024. Calculate r(-96).
8
Let f(p) = 10815*p + 21623. Calculate f(-2).
-7
Let m(u) = 32399*u + 388895. Calculate m(-12).
107
Let y(c) = 250*c - 11499. Give y(48).
501
Let w(a) = a**2 + 15578*a + 637297. What is w(-41)?
280
Let n(p) = 1520*p - 919566. Give n(605).
34
Let c(z) = 26*z**2 - 13785*z + 3015. Give c(530).
365
Let w(g) = -2063*g + 101110. Determine w(49).
23
Let m(n) = n**3 - 64*n**2 + 38*n - 2864. Calculate m(64).
-432
Let x(d) = 30*d**2 - 106*d - 329. Determine x(6).
115
Let o(j) = -1554*j - 3654. Determine o(-2).
-546
Let k(d) = 13*d**2 - 266*d - 3183. What is k(-12)?
1881
Let x(j) = -2950*j + 17992. What is x(6)?
292
Let b(o) = -6730*o + 48183. Determine b(7).
1073
Let k(m) = 2419*m + 217856. Calculate k(-90).
146
Let k(f) = -2*f**3 - 309*f**2 + 7500*f - 11972. What is k(-176)?
-4
Let k(r) = -r**2 - 96*r + 6709. Give k(-142).
177
Let r(o) = -3*o**3 - 10*o**2 + 10*o - 17. What is r(-8)?
799
Let o(b) = 2*b**3 + 457*b**2 - 1648*b - 5584. Calculate o(-232).
-16
Let g(o) = o**3 + 107*o**2 + 297*o - 1932. Determine g(-104).
-372
Let i(p) = 52*p**2 - 1722*p - 22391. What is i(-10)?
29
Let b(t) = 9*t**3 - 72*t**2 + 515*t - 7. What is b(7)?
3157
Let h(c) = -564*c - 51039. Calculate h(-89).
-843
Let n(d) = -200*d**2 + 246*d - 46. Calculate n(1).
0
Let f(i) = -14102*i + 1512. Give f(0).
1512
Let s(f) = 10047*f + 60412. Determine s(-6).
130
Let i(h) = 97*h**3 - 6*h**2 - 19*h - 29. Determine i(-2).
-791
Let m(g) = -67*g**2 - 703*g - 1310. What is m(-8)?
26
Let t(k) = -55730*k + 222936. Calculate t(4).
16
Let p(w) = -w**2 - 3270*w - 81044. Determine p(-25).
81
Let y(m) = 664*m**2 - 4687*m + 283. Give y(7).
10
Let d(h) = 204*h**2 - 77*h + 162. Determine d(2).
824
Let y(v) = -v**2 + 145*v + 2407. Determine y(-15).
7
Let z(g) = -4390*g**2 - 4384*g - 3. What is z(-1)?
-9
Let t(b) = -167940*b - 1679399. Determine t(-10).
1
Let n(p) = -4301975*p + 17207898. Calculate n(4).
-2
Let z(q) = q**3 + 2*q**2 - 3044*q + 1082. Calculate z(54).
2
Let r(o) = 5*o**2 + 183*o + 561. Give r(-3).
57
Let w(a) = -3388*a + 33555. Calculate w(10).
-325
Let c(r) = 1450*r - 43538. Give c(30).
-38
Let h(p) = -2*p**2 + 54807*p - 328825. Give h(6).
-55
Let w(n) = -12*n**2 + 313*n + 3329. Calculate w(-8).
57
Let t(z) = -8*z**3 + 161*z**2 - 42*z + 530. Determine t(20).
90
Let o(l) = -37*l**2 - 28*l + 125. Give o(4).
-579
Let o(p) = 6*p**2 + 7461*p - 97171. Give o(13).
836
Let g(h) = 467*h + 9418. Determine g(-20).
78
Let b(g) = -786*g + 48487. Calculate b(64).
-1817
Let b(y) = 57*y**2 + 4585*y + 1978. Determine b(-80).
-22
Let a(s) = 2*s**2 + 1475*s + 51834. Calculate a(-37).
-3
Let q(y) = y**2 + 1822*y + 12702. What is q(-7)?
-3
Let r(c) = -2277*c - 44709. What is r(-20)?
831
Let u(n) = 181523*n + 726036. What is u(-4)?
-56
Let p(w) = 1186*w - 66375. What is p(55)?
-1145
Let u(j) = j**2 - 1355*j + 23956. Determine u(18).
-110
Let a(m) = -m**3 + 35*m**2 - 29*m + 41. Give a(33).
1262
Let b(z) = z**3 + 2515*z**2 - 15262*z - 342850. Calculate b(-2521).
6
Let h(o) = 19586*o + 2154465. Give h(-110).
5
Let s(a) = 3*a**3 + 48*a**2 + 208*a - 45. Determine s(-7).
-178
Let o(a) = a**3 + 68*a**2 + 821*a - 104. Calculate o(-16).
72
Let x(s) = 49615*s - 5011117. Calculate x(101).
-2
Let t(x) = -1665*x + 639396. Determine t(384).
36
Let f(a) = -5*a**3 - 26*a**2 + 11587*a + 57929. What is f(-5)?
-31
Let z(i) = -13*i**3 + 5*i**2 - 105*i - 561. What is z(-5)?
1714
Let s(a) = -a**2 - 92*a - 1658. Determine s(-24).
-26
Let w(l) = 42*l**3 + 161*l**2 + 4*l + 45. Give w(-5).
-1200
Let g(h) = h**3 + 36*h**2 - 1444*h - 190. Determine g(-60).
50
Let a(c) = 4*c**2 - 1927*c + 36504. Determine a(462).
6
Let l(p) = -p**3 + 1119*p**2 + 4526*p - 38181. Determine l(1123).
1
Let x(v) = -2937*v - 144162. Calculate x(-49).
-249
Let o(n) = 2*n**3 - 313*n**2 + 6248*n + 410. Calculate o(133).
11
Let w(r) = -r**3 - 30*r**2 - 5737*r - 165522. Give w(-29).
10
Let q(d) = 260230*d + 520468. Determine q(-2).
8
Let i(l) = -1441*l - 14317. What is i(-9)?
-1348
Let c(u) = 2*u**3 + 51*u**2 + 39*u + 203. Give c(-25).
-147
Let d(v) = v**2 + 383*v + 20630. What is d(-71)?
-1522
Let f(c) = 616*c**2 + 1183*c + 6. Determine f(-2).
104
Let m(l) = -l**2 - 35*l + 4436. What is m(49)?
320
Let x(n) = -2*n**3 - 138*n**2 - 1992*n + 10496. Calculate x(-43).
4
Let r(q) = 2589*q - 62178. Determine r(24).
-42
Let l(f) = 27*f**2 - 2589*f + 2298. Calculate l(95).
18
Let x(h) = -5*h**2 + 174*h + 308. Calculate x(29).
1149
Let v(m) = 213*m - 8408. What is v(37)?
-527
Let h(f) = -f**2 - 159557*f + 1276500. What is h(8)?
-20
Let b(q) = -3*q**2 + 439*q + 2749. Determine b(-6).
7
Let b(l) =